{"id":631,"date":"2017-06-14T03:51:33","date_gmt":"2017-06-14T03:51:33","guid":{"rendered":"http:\/\/localhost\/construct\/?page_id=631"},"modified":"2023-04-27T13:50:14","modified_gmt":"2023-04-27T13:50:14","slug":"about-us","status":"publish","type":"page","link":"https:\/\/elifyapimermer.com\/?page_id=631","title":{"rendered":"Hakk\u0131m\u0131zda"},"content":{"rendered":"<p>[vc_row css=&#8221;.vc_custom_1497412367187{padding-top: 80px !important;padding-bottom: 70px !important;}&#8221;][vc_column]\n\t<div class=\"wprt-icon-box accent-background  rounded icon-effect-1 width-90\">\n        <div class=\"icon-wrap font-size-50\">\n            <span class=\"dd-icon  icon-drawing\"><\/span>\n        <\/div>\n        <div class=\"content-wrap\">\n            <h3 class=\"dd-title font-size-18\">Hakk\u0131m\u0131zda<\/h3>\n            <p>Elif Yap\u0131 Mermer Dekorasyon Limited \u015firketimiz 1998 y\u0131l\u0131nda Sivas\u2019ta kurulmu\u015ftur. \u0130lk olarak mermer tezgah\u0131 i\u015fleri, mezar mermeri yap\u0131m i\u015fleri, bina i\u00e7i ve d\u0131\u015f\u0131 merdiven d\u00f6\u015feme i\u015fleri ile ba\u015flayan faaliyetlerimiz \u00fclke \u015fartlar\u0131 g\u00f6z \u00f6n\u00fcne al\u0131narak odunlu ve elektrikli \u015f\u00f6mine i\u015fleri, anahtar teslim dekorasyon ve tadilat i\u015fleri, Teka beyaz e\u015fya bayili\u011fi, Belenco kuvars mermer tezgahlar\u0131 bayili\u011fi, d\u00fcnyan\u0131n \u00e7e\u015fitli \u00fclkelerinden gelen kaliteli granit mermer tezgahlar\u0131n\u0131 m\u00fc\u015fterilerimizle bulu\u015fturmu\u015ftur. Ayr\u0131ca i\u015flerimizi planl\u0131 ve zaman\u0131nda yaparak m\u00fc\u015fteri memnuniyetini ve insani de\u011ferleri \u00f6n plana \u00e7\u0131karmak en \u00f6nemli amac\u0131m\u0131z olmu\u015ftur. M\u00fc\u015fterilerimize hep daha iyi ve daha da m\u00fckemmeli sunmay\u0131 hedefliyoruz.<\/p>\n<div class=\"wprt-spacer\" style=\"height: 0px;\" data-desktop=\"0\" data-mobi=\"40\" data-smobi=\"40\"><\/div>\n<div class=\"wprt-spacer\" style=\"height: 0px;\" data-desktop=\"0\" data-mobi=\"40\" data-smobi=\"40\"><\/div>\n<p><\/p>\n        <\/div>\n    <\/div>\n\n\n\t<div class=\"wprt-icon-box accent-background  rounded icon-effect-1 width-90\">\n        <div class=\"icon-wrap font-size-50\">\n            <span class=\"dd-icon  icon-wheelbarrow-1\"><\/span>\n        <\/div>\n        <div class=\"content-wrap\">\n            <h3 class=\"dd-title font-size-18\">Vizyonumuz<\/h3>\n            <p>Elif Yap\u0131 Mermer Dekorasyon Ltd. \u015eti gelece\u011fi ge\u00e7mi\u015fin tecr\u00fcbeleriyle planlayarak faaliyet g\u00f6sterdi\u011fi sekt\u00f6rlerde standartlar\u0131 belirleyen, yenilik\u00e7ili\u011fi ve g\u00fcvenirlili\u011fiyle \u015fehrimizde ve \u00fclkemizde alan\u0131nda lider bir kurum olmak i\u00e7in y\u0131lmadan ve yorulmadan \u00e7al\u0131\u015fmay\u0131 vizyon edinmi\u015ftir.<\/p>\n<div class=\"wprt-spacer\" style=\"height: 0px;\" data-desktop=\"0\" data-mobi=\"40\" data-smobi=\"40\"><\/div>\n<p><\/p>\n        <\/div>\n    <\/div>\n\n\n\t<div class=\"wprt-icon-box accent-background  rounded icon-effect-1 width-90\">\n        <div class=\"icon-wrap font-size-50\">\n            <span class=\"dd-icon  icon-plug-4\"><\/span>\n        <\/div>\n        <div class=\"content-wrap\">\n            <h3 class=\"dd-title font-size-18\">Misyonumuz<\/h3>\n            <p>Elif Yap\u0131 Mermer Dekorasyon Ltd. \u015eti g\u00fcvenilir ve d\u00fcr\u00fcst \u00e7al\u0131\u015fma ilkesiyle m\u00fc\u015fteri ihtiya\u00e7 ve beklentilerine uygun projeler \u00fcretmeyi, ger\u00e7ekle\u015ftirdi\u011fi b\u00fct\u00fcn projelerde kal\u0131c\u0131l\u0131\u011f\u0131, kaliteyi ve verimlili\u011fi baz alarak bulundu\u011fu b\u00f6lgeye ve topluma de\u011fer katmay\u0131, yenilik\u00e7i bak\u0131\u015f a\u00e7\u0131s\u0131yla ahlaki de\u011ferlerin sosyal sorumluluk bilinci ile m\u00fc\u015fteri memnuniyetini her \u015feyden \u00fcst\u00fcn tutarak insana, topluma ve do\u011faya kar\u015f\u0131 duyarl\u0131 olmay\u0131 misyon edinmi\u015ftir.<\/p>\n        <\/div>\n    <\/div>\n\n[vc_row_inner][vc_column_inner][\/vc_column_inner][\/vc_row_inner][\/vc_column][\/vc_row][vc_row parallax_bg=&#8221;true&#8221; css=&#8221;.vc_custom_1497413182803{padding-top: 120px !important;padding-bottom: 120px !important;background-image: url(http:\/\/wpdemo.oceanthemes.net\/construction\/wp-content\/uploads\/sites\/6\/2017\/06\/bg-section-4.jpg?id=636) !important;}&#8221;][vc_column width=&#8221;1\/2&#8243;][vc_column_text css=&#8221;.vc_custom_1682378131552{margin-bottom: 0px !important;}&#8221;]<\/p>\n<h3 class=\"text-white font-family-heading font-size-35\">Elif Yap\u0131 Uygulamalar\u0131m\u0131z<\/h3>\n<div class=\"wprt-spacer\" style=\"height: 0px;\" data-desktop=\"0\" data-mobi=\"40\" data-smobi=\"40\"><\/div>\n<p>[\/vc_column_text][vc_column_text]<\/p>\n<ul>\n<li><strong>MERMERLER<\/strong><\/li>\n<li><strong>BELENCO<\/strong><\/li>\n<li><strong>PORSELEN<\/strong><\/li>\n<li><strong>GRAN\u0130TLER<\/strong><\/li>\n<li><strong>TEKA<\/strong><\/li>\n<li><strong>\u015e\u00d6M\u0130NELER<\/strong><\/li>\n<\/ul>\n<p>[\/vc_column_text][\/vc_column][vc_column width=&#8221;1\/2&#8243;][vc_column_text]<\/p>\n<ul>\n<li><strong>EV\u0130YELER<\/strong><\/li>\n<li><strong>KURNA<\/strong><\/li>\n<li><strong>MEZAR MERMER\u0130<\/strong><\/li>\n<li><strong>\u00c7E\u015eME MERMER\u0130<\/strong><\/li>\n<li><strong>DEKORASYON VE TAD\u0130LAT \u0130\u015eLER\u0130<\/strong><\/li>\n<li><strong>B\u0130NA \u0130\u00c7\u0130 VE DI\u015eI MERMER \u0130\u015eLER\u0130<\/strong><\/li>\n<\/ul>\n<p>[\/vc_column_text][\/vc_column][vc_column][\/vc_column][vc_column][\/vc_column][vc_column][\/vc_column][vc_column][\/vc_column][vc_column][\/vc_column][vc_column][\/vc_column][vc_column][\/vc_column][vc_column][\/vc_column][vc_column][\/vc_column][vc_column][\/vc_column][\/vc_row][vc_row css=&#8221;.vc_custom_1497414571660{padding-top: 70px !important;padding-bottom: 80px !important;}&#8221;][vc_column]\n    <h2 class=\"text-center\" >MEET OUR TEAM<\/h2>\n    \t    <div class=\"wprt-lines style-2 custom-1\">\n\t        <div class=\"line-1\"><\/div>\n\t    <\/div>\n    \n        \t\n[vc_empty_space height=&#8221;50px&#8221;][\/vc_column][\/vc_row]<\/p>\n","protected":false},"excerpt":{"rendered":"<p>[vc_row css=&#8221;.vc_custom_1497412367187{padding-top: 80px !important;padding-bottom: 70px !important;}&#8221;][vc_column][vc_row_inner][vc_column_inner][\/vc_column_inner][\/vc_row_inner][\/vc_column][\/vc_row][vc_row parallax_bg=&#8221;true&#8221; css=&#8221;.vc_custom_1497413182803{padding-top: 120px !important;padding-bottom: 120px !important;background-image: url(http:\/\/wpdemo.oceanthemes.net\/construction\/wp-content\/uploads\/sites\/6\/2017\/06\/bg-section-4.jpg?id=636) !important;}&#8221;][vc_column width=&#8221;1\/2&#8243;][vc_column_text css=&#8221;.vc_custom_1682378131552{margin-bottom: 0px !important;}&#8221;] Elif Yap\u0131 Uygulamalar\u0131m\u0131z [\/vc_column_text][vc_column_text] MERMERLER BELENCO PORSELEN GRAN\u0130TLER TEKA \u015e\u00d6M\u0130NELER [\/vc_column_text][\/vc_column][vc_column width=&#8221;1\/2&#8243;][vc_column_text] EV\u0130YELER KURNA MEZAR MERMER\u0130 \u00c7E\u015eME MERMER\u0130 DEKORASYON VE TAD\u0130LAT \u0130\u015eLER\u0130 B\u0130NA \u0130\u00c7\u0130 VE DI\u015eI MERMER \u0130\u015eLER\u0130 [\/vc_column_text][\/vc_column][vc_column][\/vc_column][vc_column][\/vc_column][vc_column][\/vc_column][vc_column][\/vc_column][vc_column][\/vc_column][vc_column][\/vc_column][vc_column][\/vc_column][vc_column][\/vc_column][vc_column][\/vc_column][vc_column][\/vc_column][\/vc_row][vc_row css=&#8221;.vc_custom_1497414571660{padding-top: 70px !important;padding-bottom: 80px !important;}&#8221;][vc_column][vc_empty_space height=&#8221;50px&#8221;][\/vc_column][\/vc_row]<\/p>\n","protected":false},"author":1,"featured_media":0,"parent":0,"menu_order":0,"comment_status":"closed","ping_status":"closed","template":"page-templates\/template-fullwidth.php","meta":{"footnotes":""},"class_list":["post-631","page","type-page","status-publish","hentry"],"_links":{"self":[{"href":"https:\/\/elifyapimermer.com\/index.php?rest_route=\/wp\/v2\/pages\/631","targetHints":{"allow":["GET"]}}],"collection":[{"href":"https:\/\/elifyapimermer.com\/index.php?rest_route=\/wp\/v2\/pages"}],"about":[{"href":"https:\/\/elifyapimermer.com\/index.php?rest_route=\/wp\/v2\/types\/page"}],"author":[{"embeddable":true,"href":"https:\/\/elifyapimermer.com\/index.php?rest_route=\/wp\/v2\/users\/1"}],"replies":[{"embeddable":true,"href":"https:\/\/elifyapimermer.com\/index.php?rest_route=%2Fwp%2Fv2%2Fcomments&post=631"}],"version-history":[{"count":18,"href":"https:\/\/elifyapimermer.com\/index.php?rest_route=\/wp\/v2\/pages\/631\/revisions"}],"predecessor-version":[{"id":1058,"href":"https:\/\/elifyapimermer.com\/index.php?rest_route=\/wp\/v2\/pages\/631\/revisions\/1058"}],"wp:attachment":[{"href":"https:\/\/elifyapimermer.com\/index.php?rest_route=%2Fwp%2Fv2%2Fmedia&parent=631"}],"curies":[{"name":"wp","href":"https:\/\/api.w.org\/{rel}","templated":true}]}}